{"id":16,"date":"2021-12-19T20:11:17","date_gmt":"2021-12-19T19:11:17","guid":{"rendered":"https:\/\/www.nartyprzemysl.pl\/narty\/?page_id=16"},"modified":"2026-03-19T11:20:06","modified_gmt":"2026-03-19T10:20:06","slug":"strona-glowna","status":"publish","type":"page","link":"https:\/\/www.nartyprzemysl.pl\/narty\/","title":{"rendered":"strona-g\u0142\u00f3wna"},"content":{"rendered":"\n<h2 class=\"wp-block-heading has-text-align-center has-black-color has-vivid-green-cyan-background-color has-text-color has-background\" id=\"wypozyczalnia-otwarta-zapraszamy\">SERWIS NARCIARSKI<br>Przerwa techniczna 19.03.26 &#8211; 31.10.26<br><br>Zapraszamy od 1.11.2026r.<\/h2>\n\n\n<div class=\"n2_clear\"><ss3-force-full-width data-overflow-x=\"body\" data-horizontal-selector=\"body\"><div class=\"n2-section-smartslider fitvidsignore  n2_clear\" data-ssid=\"2\"><div id=\"n2-ss-2-align\" class=\"n2-ss-align\"><div class=\"n2-padding\"><div id=\"n2-ss-2\" data-creator=\"Smart Slider 3\" data-responsive=\"fullwidth\" class=\"n2-ss-slider n2-ow n2-has-hover n2notransition  \">\n\n\n\n<div class=\"n2-ss-slider-wrapper-inside\">\n        <div class=\"n2-ss-slider-1 n2_ss__touch_element n2-ow\">\n            <div class=\"n2-ss-slider-2 n2-ow\">\n                                                    <div class=\"n2-ss-background-animation n2-ow\"><\/div>\n                                <div class=\"n2-ss-slider-3 n2-ow\">\n\n                    <div class=\"n2-ss-slide-backgrounds n2-ow-all\"><div class=\"n2-ss-slide-background\" data-public-id=\"1\" data-mode=\"center\"><div class=\"n2-ss-slide-background-image\" data-blur=\"0\" data-opacity=\"100\" data-x=\"50\" data-y=\"50\" data-alt=\"\" data-title=\"\"><picture class=\"skip-lazy jetpack-lazy-image\" data-skip-lazy=\"1\"><img decoding=\"async\" src=\"\/\/www.nartyprzemysl.pl\/narty\/wp-content\/uploads\/2021\/12\/start-slide-1.jpg\" alt=\"\" title=\"\" loading=\"lazy\" class=\"skip-lazy jetpack-lazy-image\" data-skip-lazy=\"1\"><\/picture><\/div><div data-color=\"RGBA(255,255,255,0)\" style=\"background-color: RGBA(255,255,255,0);\" class=\"n2-ss-slide-background-color\"><\/div><\/div><div class=\"n2-ss-slide-background\" data-public-id=\"2\" data-mode=\"fill\" aria-hidden=\"true\"><div class=\"n2-ss-slide-background-image\" data-blur=\"0\" data-opacity=\"100\" data-x=\"50\" data-y=\"50\" data-alt=\"\" data-title=\"\"><picture class=\"skip-lazy jetpack-lazy-image\" data-skip-lazy=\"1\"><img decoding=\"async\" src=\"\/\/www.nartyprzemysl.pl\/narty\/wp-content\/uploads\/2021\/12\/start-slide-2.jpg\" alt=\"\" title=\"\" loading=\"lazy\" class=\"skip-lazy jetpack-lazy-image\" data-skip-lazy=\"1\"><\/picture><\/div><div data-color=\"RGBA(255,255,255,0)\" style=\"background-color: RGBA(255,255,255,0);\" class=\"n2-ss-slide-background-color\"><\/div><\/div><div class=\"n2-ss-slide-background\" data-public-id=\"3\" data-mode=\"fill\" aria-hidden=\"true\"><div class=\"n2-ss-slide-background-image\" data-blur=\"0\" data-opacity=\"100\" data-x=\"50\" data-y=\"50\" data-alt=\"\" data-title=\"\"><picture class=\"skip-lazy jetpack-lazy-image\" data-skip-lazy=\"1\"><img decoding=\"async\" src=\"\/\/www.nartyprzemysl.pl\/narty\/wp-content\/uploads\/2021\/12\/start-slide-3.jpg\" alt=\"\" title=\"\" loading=\"lazy\" class=\"skip-lazy jetpack-lazy-image\" data-skip-lazy=\"1\"><\/picture><\/div><div data-color=\"RGBA(255,255,255,0)\" style=\"background-color: RGBA(255,255,255,0);\" class=\"n2-ss-slide-background-color\"><\/div><\/div><div class=\"n2-ss-slide-background\" data-public-id=\"4\" data-mode=\"fill\" aria-hidden=\"true\"><div class=\"n2-ss-slide-background-image\" data-blur=\"0\" data-opacity=\"100\" data-x=\"50\" data-y=\"50\" data-alt=\"\" data-title=\"\"><picture class=\"skip-lazy jetpack-lazy-image\" data-skip-lazy=\"1\"><img decoding=\"async\" src=\"\/\/www.nartyprzemysl.pl\/narty\/wp-content\/uploads\/2021\/12\/start-slide-4.jpg\" alt=\"\" title=\"\" loading=\"lazy\" class=\"skip-lazy jetpack-lazy-image\" data-skip-lazy=\"1\"><\/picture><\/div><div data-color=\"RGBA(255,255,255,0)\" style=\"background-color: RGBA(255,255,255,0);\" class=\"n2-ss-slide-background-color\"><\/div><\/div><\/div>                    <div class=\"n2-ss-slider-4 n2-ow\">\n                        <svg xmlns=\"http:\/\/www.w3.org\/2000\/svg\" viewBox=\"0 0 1920 500\" data-related-device=\"desktopPortrait\" class=\"n2-ow n2-ss-preserve-size n2-ss-preserve-size--slider n2-ss-slide-limiter\"><\/svg><div data-first=\"1\" data-slide-duration=\"0\" data-id=\"3\" data-slide-public-id=\"1\" data-title=\"start-slide-1\" class=\"n2-ss-slide n2-ow  n2-ss-slide-3\"><div role=\"note\" class=\"n2-ss-slide--focus\" tabindex=\"-1\">start-slide-1<\/div><div class=\"n2-ss-layers-container n2-ss-slide-limiter n2-ow\"><div class=\"n2-ss-layer n2-ow n-uc-ncJ5TquAEnxM\" data-sstype=\"slide\" data-pm=\"default\"><div class=\"n2-ss-layer n2-ow n-uc-a23pXLtJuSA8\" data-pm=\"default\" data-sstype=\"content\" data-hasbackground=\"0\"><div class=\"n2-ss-section-main-content n2-ss-layer-with-background n2-ss-layer-content n2-ow n-uc-a23pXLtJuSA8-inner\"><div class=\"n2-ss-layer n2-ow n-uc-1IqBQqafqlkV\" data-pm=\"normal\" data-sstype=\"layer\"><div id=\"n2-ss-2item1\" class=\"n2-font-379615bdf8f20ecd1f84c0595fd5b4a5-hover n2-style-f8293b450b12ef15d5c4ff97a617a3e3-heading   n2-ss-item-content n2-ss-text n2-ow\" style=\"display:block;\">wypo\u017cyczalniA sprz\u0119tu<br>narciarskiego<br>i snowboardowego<\/div><\/div><div class=\"n2-ss-layer n2-ow n-uc-qM3taMF6OqkS\" data-pm=\"normal\" data-sstype=\"layer\"><div class=\"n2-ss-button-container n2-ss-item-content n2-ow n2-font-784d5e0ef8aa190e3394b6e5c3fa38b0-link  n2-ss-nowrap\"><a class=\"n2-style-5641abf1437e0fba0d20aaa76ce0cea7-heading  n2-ow \" href=\"https:\/\/www.nartyprzemysl.pl\/narty\/wypozyczalnia\/\"><div><div>SPRAWD\u0179<\/div><\/div><\/a><\/div><\/div><\/div><\/div><\/div><\/div><\/div><div data-slide-duration=\"0\" data-id=\"4\" data-slide-public-id=\"2\" aria-hidden=\"true\" data-title=\"start-slide-2\" class=\"n2-ss-slide n2-ow  n2-ss-slide-4\"><div role=\"note\" class=\"n2-ss-slide--focus\" tabindex=\"-1\">start-slide-2<\/div><div class=\"n2-ss-layers-container n2-ss-slide-limiter n2-ow\"><div class=\"n2-ss-layer n2-ow n-uc-GN3nWLKe8U5l\" data-sstype=\"slide\" data-pm=\"default\"><div class=\"n2-ss-layer n2-ow n-uc-VysQxEJvHm6o\" data-pm=\"default\" data-sstype=\"content\" data-hasbackground=\"0\"><div class=\"n2-ss-section-main-content n2-ss-layer-with-background n2-ss-layer-content n2-ow n-uc-VysQxEJvHm6o-inner\"><div class=\"n2-ss-layer n2-ow n-uc-LqZybhayYyYr n2-ss-layer--auto\" data-pm=\"normal\" data-sstype=\"layer\"><h1 id=\"n2-ss-2item3\" class=\"n2-font-76159518c5b35b91544cef2783690d62-hover   n2-ss-item-content n2-ss-text n2-ow\" style=\"display:inline-block;\">Profesjonalny serwis<br>nart i snowboardu<\/h1><\/div><\/div><\/div><\/div><\/div><\/div><div data-slide-duration=\"0\" data-id=\"5\" data-slide-public-id=\"3\" aria-hidden=\"true\" data-title=\"start-slide-3\" class=\"n2-ss-slide n2-ow  n2-ss-slide-5\"><div role=\"note\" class=\"n2-ss-slide--focus\" tabindex=\"-1\">start-slide-3<\/div><div class=\"n2-ss-layers-container n2-ss-slide-limiter n2-ow\"><div class=\"n2-ss-layer n2-ow n-uc-km28fRRaCABm\" data-sstype=\"slide\" data-pm=\"default\"><\/div><\/div><\/div><div data-slide-duration=\"0\" data-id=\"6\" data-slide-public-id=\"4\" aria-hidden=\"true\" data-title=\"start-slide-4\" class=\"n2-ss-slide n2-ow  n2-ss-slide-6\"><div role=\"note\" class=\"n2-ss-slide--focus\" tabindex=\"-1\">start-slide-4<\/div><div class=\"n2-ss-layers-container n2-ss-slide-limiter n2-ow\"><div class=\"n2-ss-layer n2-ow n-uc-oAVQrxJVWAoh\" data-sstype=\"slide\" data-pm=\"default\"><\/div><\/div><\/div>                    <\/div>\n\n                                    <\/div>\n            <\/div>\n        <\/div>\n        <div class=\"n2-ss-slider-controls n2-ss-slider-controls-absolute-left-center\"><div style=\"--widget-offset:15px;\" class=\"n2-ss-widget nextend-arrow n2-ow-all nextend-arrow-previous  nextend-arrow-animated-fade\" data-hide-mobileportrait=\"1\" id=\"n2-ss-2-arrow-previous\" role=\"button\" aria-label=\"previous arrow\" tabindex=\"0\"><img loading=\"lazy\" decoding=\"async\" width=\"32\" height=\"32\" class=\"skip-lazy jetpack-lazy-image\" data-skip-lazy=\"1\" src=\"data:image\/svg+xml;base64,PHN2ZyB3aWR0aD0iMzIiIGhlaWdodD0iMzIiIHZpZXdCb3g9IjAgMCAzMiAzMiIgeG1sbnM9Imh0dHA6Ly93d3cudzMub3JnLzIwMDAvc3ZnIj4KICAgIDxwYXRoIGQ9Ik0xMS40MzMgMTUuOTkyTDIyLjY5IDUuNzEyYy4zOTMtLjM5LjM5My0xLjAzIDAtMS40Mi0uMzkzLS4zOS0xLjAzLS4zOS0xLjQyMyAwbC0xMS45OCAxMC45NGMtLjIxLjIxLS4zLjQ5LS4yODUuNzYtLjAxNS4yOC4wNzUuNTYuMjg0Ljc3bDExLjk4IDEwLjk0Yy4zOTMuMzkgMS4wMy4zOSAxLjQyNCAwIC4zOTMtLjQuMzkzLTEuMDMgMC0xLjQybC0xMS4yNTctMTAuMjkiCiAgICAgICAgICBmaWxsPSIjZmZmZmZmIiBvcGFjaXR5PSIwLjgiIGZpbGwtcnVsZT0iZXZlbm9kZCIvPgo8L3N2Zz4=\" alt=\"previous arrow\"><\/div><\/div><div class=\"n2-ss-slider-controls n2-ss-slider-controls-absolute-right-center\"><div style=\"--widget-offset:15px;\" class=\"n2-ss-widget nextend-arrow n2-ow-all nextend-arrow-next  nextend-arrow-animated-fade\" data-hide-mobileportrait=\"1\" id=\"n2-ss-2-arrow-next\" role=\"button\" aria-label=\"next arrow\" tabindex=\"0\"><img loading=\"lazy\" decoding=\"async\" width=\"32\" height=\"32\" class=\"skip-lazy jetpack-lazy-image\" data-skip-lazy=\"1\" src=\"data:image\/svg+xml;base64,PHN2ZyB3aWR0aD0iMzIiIGhlaWdodD0iMzIiIHZpZXdCb3g9IjAgMCAzMiAzMiIgeG1sbnM9Imh0dHA6Ly93d3cudzMub3JnLzIwMDAvc3ZnIj4KICAgIDxwYXRoIGQ9Ik0xMC43MjIgNC4yOTNjLS4zOTQtLjM5LTEuMDMyLS4zOS0xLjQyNyAwLS4zOTMuMzktLjM5MyAxLjAzIDAgMS40MmwxMS4yODMgMTAuMjgtMTEuMjgzIDEwLjI5Yy0uMzkzLjM5LS4zOTMgMS4wMiAwIDEuNDIuMzk1LjM5IDEuMDMzLjM5IDEuNDI3IDBsMTIuMDA3LTEwLjk0Yy4yMS0uMjEuMy0uNDkuMjg0LS43Ny4wMTQtLjI3LS4wNzYtLjU1LS4yODYtLjc2TDEwLjcyIDQuMjkzeiIKICAgICAgICAgIGZpbGw9IiNmZmZmZmYiIG9wYWNpdHk9IjAuOCIgZmlsbC1ydWxlPSJldmVub2RkIi8+Cjwvc3ZnPg==\" alt=\"next arrow\"><\/div><\/div><div class=\"n2-ss-slider-controls n2-ss-slider-controls-absolute-center-bottom\"><div style=\"--widget-offset:10px;\" class=\"n2-ss-widget n2-ss-control-bullet n2-ow-all n2-ss-control-bullet-horizontal\"><div class=\" nextend-bullet-bar n2-bar-justify-content-center\" role=\"group\" aria-label=\"Choose slide to display.\"><div class=\"n2-bullet n2-style-785355f374be86c332d4665aae819858-dot \" style=\"visibility:hidden;\"><\/div><\/div><\/div><\/div><\/div><\/div><ss3-loader><\/ss3-loader><\/div><\/div><div class=\"n2_clear\"><\/div><\/div><\/ss3-force-full-width><\/div>\n\n\n<h2 class=\"wp-block-heading\" id=\"zapraszamy-panstwa-do-wypozyczalni-sprzetu-narciarskiegoi-snowboardowego-narty-przemysl\" style=\"font-size:38px;line-height:1.4\"><strong>Zapraszamy Pa\u0144stwa do wypo\u017cyczalni sprz\u0119tu narciarskiego<\/strong><br><strong>i snowboardowego Narty Przemy\u015bl.<\/strong><\/h2>\n\n\n\n<div class=\"wp-block-columns is-layout-flex wp-container-core-columns-is-layout-9d6595d7 wp-block-columns-is-layout-flex\">\n<div class=\"wp-block-column is-layout-flow wp-block-column-is-layout-flow\">\n<p>Bogactwo naszego asortymentu zaspokoi ka\u017cdego entuzjast\u0119 sport\u00f3w zimowych, pocz\u0105wszy od nowicjusza, ko\u0144cz\u0105c na uczestniku zawod\u00f3w. <\/p>\n\n\n\n<p>Opr\u00f3cz du\u017cego wyboru zapewniamy wysok\u0105 jako\u015b\u0107 sprz\u0119tu, kt\u00f3ry zawsze przed wypo\u017cyczeniem przechodzi serwis. <\/p>\n\n\n\n<p>Dbaj\u0105c o satysfakcj\u0119 Klient\u00f3w nasi profesjonalni doradcy pomog\u0105 wybra\u0107 sprz\u0119t dopasowany do potrzeb i oczekiwa\u0144 Pa\u0144stwa i Pa\u0144stwa pociech.<\/p>\n\n\n\n<p>Wychodz\u0105c naprzeciw Pa\u0144stwa potrzebom oferujemy mo\u017cliwo\u015b\u0107 rezerwacji sprz\u0119tu (wy\u0142\u0105cznie osobi\u015bcie) w wypo\u017cyczalni przed planowanym wyjazdem.<\/p>\n\n\n\n<p>Ka\u017cda para nart jest przygotowana w naszym profesjonalnym serwisie narciarski.<\/p>\n\n\n\n<h2 class=\"wp-block-heading\" id=\"tylko-u-nas-alpejski-standard-w-atrakcyjnej-cenie\"><strong>Tylko u nas alpejski standard w atrakcyjnej cenie! <\/strong><\/h2>\n\n\n\n<p><strong>Serdecznie zapraszamy!<\/strong><\/p>\n<\/div>\n\n\n\n<div class=\"wp-block-column is-layout-flow wp-block-column-is-layout-flow\">\n<figure class=\"wp-block-image size-large is-style-default\"><img data-recalc-dims=\"1\" loading=\"lazy\" decoding=\"async\" width=\"1024\" height=\"683\" src=\"https:\/\/i0.wp.com\/www.nartyprzemysl.pl\/narty\/wp-content\/uploads\/2021\/12\/serwis-1.jpg?resize=1024%2C683&#038;ssl=1\" alt=\"LANO - Serwis narty Przemy\u015bl\" class=\"wp-image-25\" srcset=\"https:\/\/i0.wp.com\/www.nartyprzemysl.pl\/narty\/wp-content\/uploads\/2021\/12\/serwis-1.jpg?resize=1024%2C683&amp;ssl=1 1024w, https:\/\/i0.wp.com\/www.nartyprzemysl.pl\/narty\/wp-content\/uploads\/2021\/12\/serwis-1.jpg?resize=300%2C200&amp;ssl=1 300w, https:\/\/i0.wp.com\/www.nartyprzemysl.pl\/narty\/wp-content\/uploads\/2021\/12\/serwis-1.jpg?resize=768%2C512&amp;ssl=1 768w, https:\/\/i0.wp.com\/www.nartyprzemysl.pl\/narty\/wp-content\/uploads\/2021\/12\/serwis-1.jpg?w=1200&amp;ssl=1 1200w\" sizes=\"auto, (max-width: 1000px) 100vw, 1000px\" \/><\/figure>\n<\/div>\n<\/div>\n\n\n\n<div class=\"wp-block-columns is-layout-flex wp-container-core-columns-is-layout-9d6595d7 wp-block-columns-is-layout-flex\">\n<div class=\"wp-block-column is-layout-flow wp-block-column-is-layout-flow\">\n<h2 class=\"wp-block-heading has-text-align-center has-pale-cyan-blue-background-color has-background\" id=\"gorna-stacja-stok-narciarski-posir\">WYPO\u017bYCZALNIA G\u00d3RNA STACJA &#8211; Stok narciarski POSiR<\/h2>\n\n\n\n<h2 class=\"wp-block-heading has-text-align-center\" id=\"przemysl-ul-pasteura-1\">Przemy\u015bl ul. Pasteura 1<\/h2>\n\n\n\n<p class=\"has-text-align-center has-vivid-green-cyan-background-color has-background\"><strong>GODZINY OTWARCIA:<\/strong> <br>Codziennie : <strong>CHWILOWO NIECZYNNE <\/strong><br><br> * wypo\u017cyczalnia czynna w trakcie funkcjonowania stoku narciarskiego.<br> * w przypadku niekorzystnych warunk\u00f3w atmosferycznych, godziny otwarcia wypo\u017cyczalni mog\u0105 ulec zmianie.<\/p>\n\n\n\n<p><\/p>\n\n\n\n<p><\/p>\n\n\n\n<p><\/p>\n\n\n\n<h2 class=\"wp-block-heading has-text-align-center has-pale-cyan-blue-background-color has-background\" id=\"tel-501-978-653\"><a href=\"tel:501978653\">tel. 501 978 653<\/a><\/h2>\n<\/div>\n\n\n\n<div class=\"wp-block-column is-layout-flow wp-block-column-is-layout-flow\">\n<h2 class=\"wp-block-heading has-text-align-center has-pale-cyan-blue-background-color has-background\" id=\"dolna-stacja-stok-narciarski-posir\">SERWIS NARCIARSKI &#8211; SKLEP ROWEROWY<\/h2>\n\n\n\n<h2 class=\"wp-block-heading has-text-align-center\" id=\"przemysl-ul-sanocka-12\">Przemy\u015bl ul. Batorego 53<\/h2>\n\n\n\n<p class=\"has-text-align-center has-vivid-green-cyan-background-color has-background\"><strong>GODZINY OTWARCIA:<\/strong><br>Poniedzia\u0142ek &#8211; Pi\u0105tek: 9:00 &#8211; 17:00<br>Sobota:  9:00 &#8211; 13:00<\/p>\n\n\n\n<h2 class=\"wp-block-heading has-text-align-center has-pale-cyan-blue-background-color has-background\" id=\"tel-501-978-643\"><a href=\"tel:501978643\">tel. 501 978 643<\/a><\/h2>\n<\/div>\n<\/div>\n","protected":false},"excerpt":{"rendered":"<p>SERWIS NARCIARSKIPrzerwa techniczna 19.03.26 &#8211; 31.10.26 Zapraszamy od 1.11.2026r. Zapraszamy Pa\u0144stwa do wypo\u017cyczalni sprz\u0119tu narciarskiegoi snowboardowego Narty Przemy\u015bl. Bogactwo naszego asortymentu zaspokoi ka\u017cdego entuzjast\u0119 sport\u00f3w zimowych, pocz\u0105wszy od nowicjusza, ko\u0144cz\u0105c na uczestniku zawod\u00f3w. Opr\u00f3cz du\u017cego wyboru zapewniamy wysok\u0105 jako\u015b\u0107 sprz\u0119tu, kt\u00f3ry zawsze przed wypo\u017cyczeniem przechodzi serwis. Dbaj\u0105c o satysfakcj\u0119 Klient\u00f3w nasi profesjonalni doradcy pomog\u0105 wybra\u0107 sprz\u0119t dopasowany do potrzeb i oczekiwa\u0144 Pa\u0144stwa i Pa\u0144stwa pociech. Wychodz\u0105c naprzeciw Pa\u0144stwa potrzebom oferujemy mo\u017cliwo\u015b\u0107 rezerwacji sprz\u0119tu (wy\u0142\u0105cznie osobi\u015bcie) [&hellip;]<\/p>\n","protected":false},"author":1,"featured_media":0,"parent":0,"menu_order":0,"comment_status":"closed","ping_status":"closed","template":"","meta":{"footnotes":""},"class_list":["post-16","page","type-page","status-publish","hentry"],"jetpack_sharing_enabled":true,"_links":{"self":[{"href":"https:\/\/www.nartyprzemysl.pl\/narty\/wp-json\/wp\/v2\/pages\/16","targetHints":{"allow":["GET"]}}],"collection":[{"href":"https:\/\/www.nartyprzemysl.pl\/narty\/wp-json\/wp\/v2\/pages"}],"about":[{"href":"https:\/\/www.nartyprzemysl.pl\/narty\/wp-json\/wp\/v2\/types\/page"}],"author":[{"embeddable":true,"href":"https:\/\/www.nartyprzemysl.pl\/narty\/wp-json\/wp\/v2\/users\/1"}],"replies":[{"embeddable":true,"href":"https:\/\/www.nartyprzemysl.pl\/narty\/wp-json\/wp\/v2\/comments?post=16"}],"version-history":[{"count":3,"href":"https:\/\/www.nartyprzemysl.pl\/narty\/wp-json\/wp\/v2\/pages\/16\/revisions"}],"predecessor-version":[{"id":298,"href":"https:\/\/www.nartyprzemysl.pl\/narty\/wp-json\/wp\/v2\/pages\/16\/revisions\/298"}],"wp:attachment":[{"href":"https:\/\/www.nartyprzemysl.pl\/narty\/wp-json\/wp\/v2\/media?parent=16"}],"curies":[{"name":"wp","href":"https:\/\/api.w.org\/{rel}","templated":true}]}}