{"id":12,"date":"2021-12-19T17:36:10","date_gmt":"2021-12-19T16:36:10","guid":{"rendered":"https:\/\/www.nartyprzemysl.pl\/narty\/?page_id=12"},"modified":"2024-11-14T13:27:08","modified_gmt":"2024-11-14T12:27:08","slug":"serwis","status":"publish","type":"page","link":"https:\/\/www.nartyprzemysl.pl\/narty\/serwis\/","title":{"rendered":"Serwis"},"content":{"rendered":"\n<div class=\"wp-block-cover is-light\" style=\"min-height:300px;aspect-ratio:unset;\"><span aria-hidden=\"true\" class=\"wp-block-cover__background has-background-dim-40 has-background-dim wp-block-cover__gradient-background has-background-gradient has-vivid-cyan-blue-to-vivid-purple-gradient-background\"><\/span><img data-recalc-dims=\"1\" loading=\"lazy\" decoding=\"async\" width=\"1200\" height=\"800\" class=\"wp-block-cover__image-background wp-image-25\" alt=\"\" src=\"https:\/\/i0.wp.com\/www.nartyprzemysl.pl\/narty\/wp-content\/uploads\/2021\/12\/serwis-1.jpg?resize=1200%2C800&#038;ssl=1\" data-object-fit=\"cover\" srcset=\"https:\/\/i0.wp.com\/www.nartyprzemysl.pl\/narty\/wp-content\/uploads\/2021\/12\/serwis-1.jpg?w=1200&amp;ssl=1 1200w, https:\/\/i0.wp.com\/www.nartyprzemysl.pl\/narty\/wp-content\/uploads\/2021\/12\/serwis-1.jpg?resize=300%2C200&amp;ssl=1 300w, https:\/\/i0.wp.com\/www.nartyprzemysl.pl\/narty\/wp-content\/uploads\/2021\/12\/serwis-1.jpg?resize=1024%2C683&amp;ssl=1 1024w, https:\/\/i0.wp.com\/www.nartyprzemysl.pl\/narty\/wp-content\/uploads\/2021\/12\/serwis-1.jpg?resize=768%2C512&amp;ssl=1 768w\" sizes=\"auto, (max-width: 1000px) 100vw, 1000px\" \/><div class=\"wp-block-cover__inner-container is-layout-flow wp-block-cover-is-layout-flow\">\n<h1 class=\"wp-block-heading has-text-align-center\">SERWIS<\/h1>\n<\/div><\/div>\n\n\n\n<div style=\"height:50px\" aria-hidden=\"true\" class=\"wp-block-spacer\"><\/div>\n\n\n\n<div class=\"wp-block-columns is-layout-flex wp-container-core-columns-is-layout-9d6595d7 wp-block-columns-is-layout-flex\">\n<div class=\"wp-block-column is-layout-flow wp-block-column-is-layout-flow\">\n<h2 class=\"wp-block-heading\">Serwis &#8211; NARTY:<\/h2>\n\n\n\n<ul class=\"wp-block-list\">\n<li>Regeneracja nart &#8211; 120 z\u0142 (drobne ubytki w \u015blizgu, szlifowanie \u015blizgu, maszynowe ostrzenie kraw\u0119dzi, regeneracja struktury \u015blizgu, smarowanie na gor\u0105co)<\/li>\n\n\n\n<li>Przygotowanie do zawod\u00f3w &#8211; 130 z\u0142 (ostrzenie r\u0119czne pod wybranym k\u0105tem, smarowanie na gor\u0105co dwoma rodzajami smar\u00f3w)<\/li>\n\n\n\n<li>Ostrzenie kraw\u0119dzi maszynowo &#8211; 40 z\u0142<\/li>\n\n\n\n<li>Ostrzenie kraw\u0119dzi r\u0119cznie &#8211; 60 z\u0142<\/li>\n\n\n\n<li>Smarowanie na gor\u0105co &#8211; 40 z\u0142<\/li>\n\n\n\n<li>Smarowanie na zimno &#8211; 20 z\u0142<\/li>\n\n\n\n<li>Uzupe\u0142nianie ubytk\u00f3w w \u015blizgu &#8211; od 10 z\u0142<\/li>\n\n\n\n<li>Monta\u017c wi\u0105za\u0144 zjazdowych &#8211; 60 z\u0142<\/li>\n\n\n\n<li>Monta\u017c wi\u0105za\u0144 skiturowych &#8211; od 80 z\u0142<\/li>\n\n\n\n<li>Monta\u017c wi\u0105za\u0144 biegowych &#8211; 50 z\u0142<\/li>\n\n\n\n<li>Regulacja wi\u0105za\u0144 &#8211; 10 z\u0142<\/li>\n\n\n\n<li>Monta\u017c insert\u00f3w pod wi\u0105zania &#8211; 30 z\u0142\/szt<\/li>\n\n\n\n<li>Wklejenie \u015blizgu do 10 cm2 powierzchni &#8211; 50 z\u0142<\/li>\n\n\n\n<li>Wklejenie \u015blizgu powy\u017cej 10 cm2 powierzchni &#8211; 70 z\u0142<\/li>\n\n\n\n<li>Na\u0142o\u017cenie struktury standard z wyr\u00f3wnaniem \u015blizgu &#8211; 80z\u0142<\/li>\n\n\n\n<li>Na\u0142o\u017cenie innej struktury ni\u017c w standardzie &#8211; 50z\u0142<\/li>\n\n\n\n<li>Inne us\u0142ugi &#8211; 80 z\u0142\/godz.<\/li>\n<\/ul>\n<\/div>\n\n\n\n<div class=\"wp-block-column is-layout-flow wp-block-column-is-layout-flow\">\n<h2 class=\"wp-block-heading\">Serwis &#8211; SNOWBOARD:<\/h2>\n\n\n\n<ul class=\"wp-block-list\">\n<li>Regeneracja snowboardu &#8211; 120 z\u0142 (drobne ubytki w \u015blizgu, szlifowanie \u015blizgu, maszynowe ostrzenie kraw\u0119dzi, regeneracja struktury \u015blizgu, smarowanie na gor\u0105co)<\/li>\n\n\n\n<li>Ostrzenie kraw\u0119dzi maszynowo &#8211; 40 z\u0142<\/li>\n\n\n\n<li>Ostrzenie kraw\u0119dzi r\u0119cznie &#8211; 60 z\u0142<\/li>\n\n\n\n<li>Smarowanie na gor\u0105co &#8211; 50 z\u0142<\/li>\n\n\n\n<li>Smarowanie na zimno &#8211; 25 z\u0142<\/li>\n\n\n\n<li>Uzupe\u0142nianie ubytk\u00f3w w \u015blizgu &#8211; od 15 z\u0142<\/li>\n\n\n\n<li>Przygotowanie do zawod\u00f3w &#8211; 130 z\u0142 (ostrzenie r\u0119czne pod wybranym k\u0105tem, smarowanie na gor\u0105co dwoma rodzajami smar\u00f3w)<\/li>\n\n\n\n<li>Monta\u017c wi\u0105za\u0144 &#8211; 40 z\u0142<\/li>\n\n\n\n<li>Regulacja wi\u0105za\u0144 &#8211; od 10 z\u0142<\/li>\n\n\n\n<li>Wklejenie \u015blizgu do 10 cm2 powierzchni &#8211; 50 z\u0142<\/li>\n\n\n\n<li>Wklejenie \u015blizgu powy\u017cej 10 cm2 powierzchni &#8211; 70 z\u0142<\/li>\n\n\n\n<li>Inne us\u0142ugi &#8211; 80 z\u0142\/godz.<\/li>\n<\/ul>\n<\/div>\n<\/div>\n\n\n\n<h2 class=\"wp-block-heading has-text-align-center\">Serwis wykonywany jest za pomoc\u0105 maszyny renomowanej \u015bwiatowej marki Wintersteiger Micro 81<\/h2>\n\n\n\n<figure class=\"wp-block-image size-large\"><img data-recalc-dims=\"1\" loading=\"lazy\" decoding=\"async\" width=\"1024\" height=\"872\" src=\"https:\/\/i0.wp.com\/www.nartyprzemysl.pl\/narty\/wp-content\/uploads\/2024\/11\/wintersteiger-micro-81.jpg?resize=1024%2C872&#038;ssl=1\" alt=\"\" class=\"wp-image-263\" srcset=\"https:\/\/i0.wp.com\/www.nartyprzemysl.pl\/narty\/wp-content\/uploads\/2024\/11\/wintersteiger-micro-81.jpg?resize=1024%2C872&amp;ssl=1 1024w, https:\/\/i0.wp.com\/www.nartyprzemysl.pl\/narty\/wp-content\/uploads\/2024\/11\/wintersteiger-micro-81.jpg?resize=300%2C255&amp;ssl=1 300w, https:\/\/i0.wp.com\/www.nartyprzemysl.pl\/narty\/wp-content\/uploads\/2024\/11\/wintersteiger-micro-81.jpg?resize=768%2C654&amp;ssl=1 768w, https:\/\/i0.wp.com\/www.nartyprzemysl.pl\/narty\/wp-content\/uploads\/2024\/11\/wintersteiger-micro-81.jpg?w=1536&amp;ssl=1 1536w\" sizes=\"auto, (max-width: 1000px) 100vw, 1000px\" \/><\/figure>\n","protected":false},"excerpt":{"rendered":"<p>Serwis &#8211; NARTY: Serwis &#8211; SNOWBOARD: Serwis wykonywany jest za pomoc\u0105 maszyny renomowanej \u015bwiatowej marki Wintersteiger Micro 81<\/p>\n","protected":false},"author":1,"featured_media":0,"parent":0,"menu_order":0,"comment_status":"closed","ping_status":"closed","template":"","meta":{"footnotes":""},"class_list":["post-12","page","type-page","status-publish","hentry"],"jetpack_sharing_enabled":true,"_links":{"self":[{"href":"https:\/\/www.nartyprzemysl.pl\/narty\/wp-json\/wp\/v2\/pages\/12","targetHints":{"allow":["GET"]}}],"collection":[{"href":"https:\/\/www.nartyprzemysl.pl\/narty\/wp-json\/wp\/v2\/pages"}],"about":[{"href":"https:\/\/www.nartyprzemysl.pl\/narty\/wp-json\/wp\/v2\/types\/page"}],"author":[{"embeddable":true,"href":"https:\/\/www.nartyprzemysl.pl\/narty\/wp-json\/wp\/v2\/users\/1"}],"replies":[{"embeddable":true,"href":"https:\/\/www.nartyprzemysl.pl\/narty\/wp-json\/wp\/v2\/comments?post=12"}],"version-history":[{"count":2,"href":"https:\/\/www.nartyprzemysl.pl\/narty\/wp-json\/wp\/v2\/pages\/12\/revisions"}],"predecessor-version":[{"id":269,"href":"https:\/\/www.nartyprzemysl.pl\/narty\/wp-json\/wp\/v2\/pages\/12\/revisions\/269"}],"wp:attachment":[{"href":"https:\/\/www.nartyprzemysl.pl\/narty\/wp-json\/wp\/v2\/media?parent=12"}],"curies":[{"name":"wp","href":"https:\/\/api.w.org\/{rel}","templated":true}]}}